{"id":421,"date":"2016-01-13T17:22:50","date_gmt":"2016-01-13T16:22:50","guid":{"rendered":"http:\/\/durv.grafrath-staedtepartner.de\/?page_id=421"},"modified":"2016-01-13T17:24:00","modified_gmt":"2016-01-13T16:24:00","slug":"besuch-in-polgardi","status":"publish","type":"page","link":"https:\/\/durv.grafrath-staedtepartner.de\/?page_id=421","title":{"rendered":"20-j\u00e4hrige Partnerschaft"},"content":{"rendered":"<p>&nbsp;<\/p>\n<div id=\"attachment_422\" style=\"width: 310px\" class=\"wp-caption aligncenter\"><a href=\"http:\/\/durv.grafrath-staedtepartner.de\/wp-content\/uploads\/2016\/01\/017_Vertragsunterschriften.jpg\"><img loading=\"lazy\" decoding=\"async\" aria-describedby=\"caption-attachment-422\" class=\"size-medium wp-image-422\" src=\"http:\/\/durv.grafrath-staedtepartner.de\/wp-content\/uploads\/2016\/01\/017_Vertragsunterschriften-300x207.jpg\" alt=\"Vertragsunterzeichnung Mai 1996\" width=\"300\" height=\"207\" srcset=\"https:\/\/durv.grafrath-staedtepartner.de\/wp-content\/uploads\/2016\/01\/017_Vertragsunterschriften-300x207.jpg 300w, https:\/\/durv.grafrath-staedtepartner.de\/wp-content\/uploads\/2016\/01\/017_Vertragsunterschriften-1024x708.jpg 1024w, https:\/\/durv.grafrath-staedtepartner.de\/wp-content\/uploads\/2016\/01\/017_Vertragsunterschriften-433x300.jpg 433w, https:\/\/durv.grafrath-staedtepartner.de\/wp-content\/uploads\/2016\/01\/017_Vertragsunterschriften.jpg 1089w\" sizes=\"(max-width: 300px) 100vw, 300px\" \/><\/a><p id=\"caption-attachment-422\" class=\"wp-caption-text\">Vertragsunterzeichnung Mai 1996<\/p><\/div>\n<p>&nbsp;<\/p>\n<p>&nbsp;<\/p>\n<p>Im Jahr 1996 hat unsere Gemeinde Grafrath einen Partnerschaftsvertrag mit Polgardi geschlossen.<\/p>\n<p><span style=\"color: #ff0000;\">Heuer feiern wir daher das 20-j\u00e4hrige Partnerschafts &#8211; Jubil\u00e4um !<\/span><\/p>\n<p>Aus diesem Anlass sind 2016 verschiedene Aktivit\u00e4ten geplant.<\/p>\n<p>Vom 14. Juli bis 17. Juli 2016 wird das Akkordeonorchester Grafrath nach Polgardi fahren und dort Konzerte geben. Auch offizielle Vertreter der Gemeinde Grafrath werden diesen Besuch begleiten.\u00a0 Es besteht die M\u00f6glichkeit, dass hier auch Mitglieder unseres Partnerschaftsvereins mitfahren k\u00f6nnen!<\/p>\n<p>Im Herbst 2016 ist dann geplant, dass Vertreter aus Polgardi zu einem Gegenbesuch nach Grafrath kommen.<\/p>\n<p>Wir sind stolz, dass diese St\u00e4dtepartnerschaft mit Ungarn auch nach 20 Jahren noch lebendig ist. Das ist auch den regelm\u00e4\u00dfigen Besuchen und Gegenbesuchen von Vereinen und Vertretern aus beiden Kommunen zu verdanken!<\/p>\n<p>Wir wollen uns auch in Zukunft daf\u00fcr stark machen, dass die Partnerschaft auch weiterhin so gut funktioniert!<\/p>\n","protected":false},"excerpt":{"rendered":"<p>&nbsp; &nbsp; &nbsp; Im Jahr 1996 hat unsere Gemeinde Grafrath einen Partnerschaftsvertrag mit Polgardi geschlossen. Heuer feiern wir daher das 20-j\u00e4hrige Partnerschafts &#8211; Jubil\u00e4um ! Aus diesem Anlass sind 2016 verschiedene Aktivit\u00e4ten geplant. Vom 14. Juli bis 17. Juli 2016 &hellip; <a href=\"https:\/\/durv.grafrath-staedtepartner.de\/?page_id=421\">Weiterlesen <span class=\"meta-nav\">&rarr;<\/span><\/a><\/p>\n","protected":false},"author":1,"featured_media":0,"parent":29,"menu_order":0,"comment_status":"open","ping_status":"open","template":"","meta":{"footnotes":""},"class_list":["post-421","page","type-page","status-publish","hentry"],"_links":{"self":[{"href":"https:\/\/durv.grafrath-staedtepartner.de\/index.php?rest_route=\/wp\/v2\/pages\/421"}],"collection":[{"href":"https:\/\/durv.grafrath-staedtepartner.de\/index.php?rest_route=\/wp\/v2\/pages"}],"about":[{"href":"https:\/\/durv.grafrath-staedtepartner.de\/index.php?rest_route=\/wp\/v2\/types\/page"}],"author":[{"embeddable":true,"href":"https:\/\/durv.grafrath-staedtepartner.de\/index.php?rest_route=\/wp\/v2\/users\/1"}],"replies":[{"embeddable":true,"href":"https:\/\/durv.grafrath-staedtepartner.de\/index.php?rest_route=%2Fwp%2Fv2%2Fcomments&post=421"}],"version-history":[{"count":3,"href":"https:\/\/durv.grafrath-staedtepartner.de\/index.php?rest_route=\/wp\/v2\/pages\/421\/revisions"}],"predecessor-version":[{"id":425,"href":"https:\/\/durv.grafrath-staedtepartner.de\/index.php?rest_route=\/wp\/v2\/pages\/421\/revisions\/425"}],"up":[{"embeddable":true,"href":"https:\/\/durv.grafrath-staedtepartner.de\/index.php?rest_route=\/wp\/v2\/pages\/29"}],"wp:attachment":[{"href":"https:\/\/durv.grafrath-staedtepartner.de\/index.php?rest_route=%2Fwp%2Fv2%2Fmedia&parent=421"}],"curies":[{"name":"wp","href":"https:\/\/api.w.org\/{rel}","templated":true}]}}

20-jährige Partnerschaft

<p>&nbsp;</p>
<div id="attachment_422" style="width: 310px" class="wp-caption aligncenter"><a href="http://durv.grafrath-staedtepartner.de/wp-content/uploads/2016/01/017_Vertragsunterschriften.jpg"><img loading="lazy" decoding="async" aria-describedby="caption-attachment-422" class="size-medium wp-image-422" src="http://durv.grafrath-staedtepartner.de/wp-content/uploads/2016/01/017_Vertragsunterschriften-300x207.jpg" alt="Vertragsunterzeichnung Mai 1996" width="300" height="207" srcset="https://durv.grafrath-staedtepartner.de/wp-content/uploads/2016/01/017_Vertragsunterschriften-300x207.jpg 300w, https://durv.grafrath-staedtepartner.de/wp-content/uploads/2016/01/017_Vertragsunterschriften-1024x708.jpg 1024w, https://durv.grafrath-staedtepartner.de/wp-content/uploads/2016/01/017_Vertragsunterschriften-433x300.jpg 433w, https://durv.grafrath-staedtepartner.de/wp-content/uploads/2016/01/017_Vertragsunterschriften.jpg 1089w" sizes="(max-width: 300px) 100vw, 300px" /></a><p id="caption-attachment-422" class="wp-caption-text">Vertragsunterzeichnung Mai 1996</p></div>
<p>&nbsp;</p>
<p>&nbsp;</p>
<p>Im Jahr 1996 hat unsere Gemeinde Grafrath einen Partnerschaftsvertrag mit Polgardi geschlossen.</p>
<p><span style="color: #ff0000;">Heuer feiern wir daher das 20-jährige Partnerschafts &#8211; Jubiläum !</span></p>
<p>Aus diesem Anlass sind 2016 verschiedene Aktivitäten geplant.</p>
<p>Vom 14. Juli bis 17. Juli 2016 wird das Akkordeonorchester Grafrath nach Polgardi fahren und dort Konzerte geben. Auch offizielle Vertreter der Gemeinde Grafrath werden diesen Besuch begleiten.  Es besteht die Möglichkeit, dass hier auch Mitglieder unseres Partnerschaftsvereins mitfahren können!</p>
<p>Im Herbst 2016 ist dann geplant, dass Vertreter aus Polgardi zu einem Gegenbesuch nach Grafrath kommen.</p>
<p>Wir sind stolz, dass diese Städtepartnerschaft mit Ungarn auch nach 20 Jahren noch lebendig ist. Das ist auch den regelmäßigen Besuchen und Gegenbesuchen von Vereinen und Vertretern aus beiden Kommunen zu verdanken!</p>
<p>Wir wollen uns auch in Zukunft dafür stark machen, dass die Partnerschaft auch weiterhin so gut funktioniert!</p>

<p>&nbsp; &nbsp; &nbsp; Im Jahr 1996 hat unsere Gemeinde Grafrath einen Partnerschaftsvertrag mit Polgardi geschlossen. Heuer feiern wir daher das 20-jährige Partnerschafts &#8211; Jubiläum ! Aus diesem Anlass sind 2016 verschiedene Aktivitäten geplant. Vom 14. Juli bis 17. Juli 2016 &hellip; <a href="https://durv.grafrath-staedtepartner.de/?page_id=421">Weiterlesen <span class="meta-nav">&rarr;</span></a></p>
