{"id":29,"date":"2012-08-16T11:17:11","date_gmt":"2012-08-16T09:17:11","guid":{"rendered":"http:\/\/wp11061300.wp371.webpack.hosteurope.de\/durv\/?page_id=29"},"modified":"2015-08-11T10:03:05","modified_gmt":"2015-08-11T08:03:05","slug":"polgardi-in-ungarn","status":"publish","type":"page","link":"https:\/\/durv.grafrath-staedtepartner.de\/?page_id=29","title":{"rendered":"Polgardi in Ungarn"},"content":{"rendered":"<div id=\"attachment_64\" style=\"width: 310px\" class=\"wp-caption alignleft\"><a href=\"http:\/\/durv.grafrath-staedtepartner.de\/wp-content\/uploads\/2012\/08\/Polgardi.jpg\"><img loading=\"lazy\" decoding=\"async\" aria-describedby=\"caption-attachment-64\" class=\"size-medium wp-image-64\" src=\"http:\/\/durv.grafrath-staedtepartner.de\/wp-content\/uploads\/2012\/08\/Polgardi-300x155.jpg\" alt=\"Polgardi\" width=\"300\" height=\"155\" srcset=\"https:\/\/durv.grafrath-staedtepartner.de\/wp-content\/uploads\/2012\/08\/Polgardi-300x155.jpg 300w, https:\/\/durv.grafrath-staedtepartner.de\/wp-content\/uploads\/2012\/08\/Polgardi-1024x531.jpg 1024w, https:\/\/durv.grafrath-staedtepartner.de\/wp-content\/uploads\/2012\/08\/Polgardi-500x259.jpg 500w, https:\/\/durv.grafrath-staedtepartner.de\/wp-content\/uploads\/2012\/08\/Polgardi.jpg 1128w\" sizes=\"(max-width: 300px) 100vw, 300px\" \/><\/a><p id=\"caption-attachment-64\" class=\"wp-caption-text\">Polgardi<\/p><\/div>\n<p>Die Stadt Polgardi hat etwa 6000 Einwohner und liegt ca. 10 km n\u00f6rdlich vom Plattensee an der Autobahn Budapest \u2013 Plattensee im Kreis Szekesfehervar. Die Stadtentwicklung beweist die schnelle Ann\u00e4herung an Europa. Mit Polgardi hatten wir schon 2 x einen Sch\u00fcleraustausch und mehrere gegenseitige Besuche von verschiedenen Vereinen (Feuerwehr und Blaskapelle). Polgardi m\u00f6chte von unserem Know how z.B. in Sachen M\u00fcllentsorgung, Verwaltung und Firmenf\u00fchrung lernen.<\/p>\n<div id=\"attachment_65\" style=\"width: 310px\" class=\"wp-caption aligncenter\"><a href=\"http:\/\/durv.grafrath-staedtepartner.de\/wp-content\/uploads\/2012\/08\/Szekesfehervar.jpg\"><img loading=\"lazy\" decoding=\"async\" aria-describedby=\"caption-attachment-65\" class=\"size-medium wp-image-65\" src=\"http:\/\/durv.grafrath-staedtepartner.de\/wp-content\/uploads\/2012\/08\/Szekesfehervar-300x200.jpg\" alt=\"Die Kreisstadt Szekesfehervar\" width=\"300\" height=\"200\" srcset=\"https:\/\/durv.grafrath-staedtepartner.de\/wp-content\/uploads\/2012\/08\/Szekesfehervar-300x200.jpg 300w, https:\/\/durv.grafrath-staedtepartner.de\/wp-content\/uploads\/2012\/08\/Szekesfehervar-1024x683.jpg 1024w, https:\/\/durv.grafrath-staedtepartner.de\/wp-content\/uploads\/2012\/08\/Szekesfehervar-449x300.jpg 449w, https:\/\/durv.grafrath-staedtepartner.de\/wp-content\/uploads\/2012\/08\/Szekesfehervar.jpg 1166w\" sizes=\"(max-width: 300px) 100vw, 300px\" \/><\/a><p id=\"caption-attachment-65\" class=\"wp-caption-text\">Die Kreisstadt Szekesfehervar<\/p><\/div>\n<p>Besonders der kulturelle Austausch mit der Ungarischen Stadt ist uns wichtig!<\/p>\n<p>So sind wir in der Vergangenheit mit der Jugendblaskapelle des Musikvereins Grafrath sowie mit dem Akkordeonorchester Grafrath nach Polgardi gefahren und haben Auftritte organisiert. Aber auch aus Ungarn haben wir den sehr guten Clara Voce Chor schon mehrmals nach Grafrath geholt und in Grafrath die Feste versch\u00f6nert.<\/p>\n<div id=\"attachment_67\" style=\"width: 310px\" class=\"wp-caption aligncenter\"><a href=\"http:\/\/durv.grafrath-staedtepartner.de\/wp-content\/uploads\/2012\/08\/Chor_2012_001.jpg\"><img loading=\"lazy\" decoding=\"async\" aria-describedby=\"caption-attachment-67\" class=\"size-medium wp-image-67\" src=\"http:\/\/durv.grafrath-staedtepartner.de\/wp-content\/uploads\/2012\/08\/Chor_2012_001-300x200.jpg\" alt=\"Der Clara-Voce-Chor aus Polgardi in der Klosterkirche Grafrath\" width=\"300\" height=\"200\" srcset=\"https:\/\/durv.grafrath-staedtepartner.de\/wp-content\/uploads\/2012\/08\/Chor_2012_001-300x200.jpg 300w, https:\/\/durv.grafrath-staedtepartner.de\/wp-content\/uploads\/2012\/08\/Chor_2012_001-1024x683.jpg 1024w, https:\/\/durv.grafrath-staedtepartner.de\/wp-content\/uploads\/2012\/08\/Chor_2012_001-449x300.jpg 449w, https:\/\/durv.grafrath-staedtepartner.de\/wp-content\/uploads\/2012\/08\/Chor_2012_001.jpg 1166w\" sizes=\"(max-width: 300px) 100vw, 300px\" \/><\/a><p id=\"caption-attachment-67\" class=\"wp-caption-text\">Der Clara-Voce-Chor aus Polgardi in der Klosterkirche Grafrath<\/p><\/div>\n<p>&nbsp;<\/p>\n<p>&nbsp;<\/p>\n","protected":false},"excerpt":{"rendered":"<p>Die Stadt Polgardi hat etwa 6000 Einwohner und liegt ca. 10 km n\u00f6rdlich vom Plattensee an der Autobahn Budapest \u2013 Plattensee im Kreis Szekesfehervar. Die Stadtentwicklung beweist die schnelle Ann\u00e4herung an Europa. Mit Polgardi hatten wir schon 2 x einen &hellip; <a href=\"https:\/\/durv.grafrath-staedtepartner.de\/?page_id=29\">Weiterlesen <span class=\"meta-nav\">&rarr;<\/span><\/a><\/p>\n","protected":false},"author":1,"featured_media":0,"parent":0,"menu_order":0,"comment_status":"open","ping_status":"open","template":"","meta":{"footnotes":""},"class_list":["post-29","page","type-page","status-publish","hentry"],"_links":{"self":[{"href":"https:\/\/durv.grafrath-staedtepartner.de\/index.php?rest_route=\/wp\/v2\/pages\/29"}],"collection":[{"href":"https:\/\/durv.grafrath-staedtepartner.de\/index.php?rest_route=\/wp\/v2\/pages"}],"about":[{"href":"https:\/\/durv.grafrath-staedtepartner.de\/index.php?rest_route=\/wp\/v2\/types\/page"}],"author":[{"embeddable":true,"href":"https:\/\/durv.grafrath-staedtepartner.de\/index.php?rest_route=\/wp\/v2\/users\/1"}],"replies":[{"embeddable":true,"href":"https:\/\/durv.grafrath-staedtepartner.de\/index.php?rest_route=%2Fwp%2Fv2%2Fcomments&post=29"}],"version-history":[{"count":5,"href":"https:\/\/durv.grafrath-staedtepartner.de\/index.php?rest_route=\/wp\/v2\/pages\/29\/revisions"}],"predecessor-version":[{"id":400,"href":"https:\/\/durv.grafrath-staedtepartner.de\/index.php?rest_route=\/wp\/v2\/pages\/29\/revisions\/400"}],"wp:attachment":[{"href":"https:\/\/durv.grafrath-staedtepartner.de\/index.php?rest_route=%2Fwp%2Fv2%2Fmedia&parent=29"}],"curies":[{"name":"wp","href":"https:\/\/api.w.org\/{rel}","templated":true}]}}

<div id="attachment_64" style="width: 310px" class="wp-caption alignleft"><a href="http://durv.grafrath-staedtepartner.de/wp-content/uploads/2012/08/Polgardi.jpg"><img loading="lazy" decoding="async" aria-describedby="caption-attachment-64" class="size-medium wp-image-64" src="http://durv.grafrath-staedtepartner.de/wp-content/uploads/2012/08/Polgardi-300x155.jpg" alt="Polgardi" width="300" height="155" srcset="https://durv.grafrath-staedtepartner.de/wp-content/uploads/2012/08/Polgardi-300x155.jpg 300w, https://durv.grafrath-staedtepartner.de/wp-content/uploads/2012/08/Polgardi-1024x531.jpg 1024w, https://durv.grafrath-staedtepartner.de/wp-content/uploads/2012/08/Polgardi-500x259.jpg 500w, https://durv.grafrath-staedtepartner.de/wp-content/uploads/2012/08/Polgardi.jpg 1128w" sizes="(max-width: 300px) 100vw, 300px" /></a><p id="caption-attachment-64" class="wp-caption-text">Polgardi</p></div>
<p>Die Stadt Polgardi hat etwa 6000 Einwohner und liegt ca. 10 km nördlich vom Plattensee an der Autobahn Budapest – Plattensee im Kreis Szekesfehervar. Die Stadtentwicklung beweist die schnelle Annäherung an Europa. Mit Polgardi hatten wir schon 2 x einen Schüleraustausch und mehrere gegenseitige Besuche von verschiedenen Vereinen (Feuerwehr und Blaskapelle). Polgardi möchte von unserem Know how z.B. in Sachen Müllentsorgung, Verwaltung und Firmenführung lernen.</p>
<div id="attachment_65" style="width: 310px" class="wp-caption aligncenter"><a href="http://durv.grafrath-staedtepartner.de/wp-content/uploads/2012/08/Szekesfehervar.jpg"><img loading="lazy" decoding="async" aria-describedby="caption-attachment-65" class="size-medium wp-image-65" src="http://durv.grafrath-staedtepartner.de/wp-content/uploads/2012/08/Szekesfehervar-300x200.jpg" alt="Die Kreisstadt Szekesfehervar" width="300" height="200" srcset="https://durv.grafrath-staedtepartner.de/wp-content/uploads/2012/08/Szekesfehervar-300x200.jpg 300w, https://durv.grafrath-staedtepartner.de/wp-content/uploads/2012/08/Szekesfehervar-1024x683.jpg 1024w, https://durv.grafrath-staedtepartner.de/wp-content/uploads/2012/08/Szekesfehervar-449x300.jpg 449w, https://durv.grafrath-staedtepartner.de/wp-content/uploads/2012/08/Szekesfehervar.jpg 1166w" sizes="(max-width: 300px) 100vw, 300px" /></a><p id="caption-attachment-65" class="wp-caption-text">Die Kreisstadt Szekesfehervar</p></div>
<p>Besonders der kulturelle Austausch mit der Ungarischen Stadt ist uns wichtig!</p>
<p>So sind wir in der Vergangenheit mit der Jugendblaskapelle des Musikvereins Grafrath sowie mit dem Akkordeonorchester Grafrath nach Polgardi gefahren und haben Auftritte organisiert. Aber auch aus Ungarn haben wir den sehr guten Clara Voce Chor schon mehrmals nach Grafrath geholt und in Grafrath die Feste verschönert.</p>
<div id="attachment_67" style="width: 310px" class="wp-caption aligncenter"><a href="http://durv.grafrath-staedtepartner.de/wp-content/uploads/2012/08/Chor_2012_001.jpg"><img loading="lazy" decoding="async" aria-describedby="caption-attachment-67" class="size-medium wp-image-67" src="http://durv.grafrath-staedtepartner.de/wp-content/uploads/2012/08/Chor_2012_001-300x200.jpg" alt="Der Clara-Voce-Chor aus Polgardi in der Klosterkirche Grafrath" width="300" height="200" srcset="https://durv.grafrath-staedtepartner.de/wp-content/uploads/2012/08/Chor_2012_001-300x200.jpg 300w, https://durv.grafrath-staedtepartner.de/wp-content/uploads/2012/08/Chor_2012_001-1024x683.jpg 1024w, https://durv.grafrath-staedtepartner.de/wp-content/uploads/2012/08/Chor_2012_001-449x300.jpg 449w, https://durv.grafrath-staedtepartner.de/wp-content/uploads/2012/08/Chor_2012_001.jpg 1166w" sizes="(max-width: 300px) 100vw, 300px" /></a><p id="caption-attachment-67" class="wp-caption-text">Der Clara-Voce-Chor aus Polgardi in der Klosterkirche Grafrath</p></div>
<p>&nbsp;</p>
<p>&nbsp;</p>

<p>Die Stadt Polgardi hat etwa 6000 Einwohner und liegt ca. 10 km nördlich vom Plattensee an der Autobahn Budapest – Plattensee im Kreis Szekesfehervar. Die Stadtentwicklung beweist die schnelle Annäherung an Europa. Mit Polgardi hatten wir schon 2 x einen &hellip; <a href="https://durv.grafrath-staedtepartner.de/?page_id=29">Weiterlesen <span class="meta-nav">&rarr;</span></a></p>
